+ 9
-2
Evaluate 22 + -34 - (-3 - 3).
-6
(4 - (-2 - 1)) + (1 - 3)
5
Calculate 10 - -1 - (-5 + 16).
0
Calculate -2 + (-2 + -1 - -5) - -1.
1
Calculate (-2 - (1 - 2)) + 0.
-1
Calculate -4 + 16 - (-2 + -2 - -9).
7
What is 10 - 4 - 3 - -1?
4
6 + 6 + (-7 - 6)
-1
Evaluate (3 - (-7 + 7)) + -11 + -2.
-10
Evaluate -3 - (-10 - -4 - -3).
0
What is the value of (-6 - -2) + -5 + 4 + 2?
-3
What is -2 - (-3 - ((-4 - -2) + 2))?
1
What is the value of 5 + (-1 - 2) - -1?
3
What is (20 - 15) + -2 + (2 - -1)?
6
Evaluate -3 + 0 + 0 + 2.
-1
What is the value of -46 + 38 + (0 - -8) + -3?
-3
What is the value of 2 + 4 + (-14 - (-19 + 11))?
0
Evaluate -5 + (11 - (3 - 0)).
3
Evaluate -4 - (-5 + 7 - -2) - -4.
-4
What is the value of -10 - (0 - (2 + 8))?
0
What is -15 + 8 - (-3 - 2 - -2)?
-4
1 - (3 + (3 - 4)) - -2
1
What is the value of -3 + (2 - 8) + (-22 - -27)?
-4
What is the value of 0 + -12 + 254 + -248?
-6
What is the value of (-11 - 1) + (23 - (-10 + 28))?
-7
-8 + 2 + (-2 - -6)
-2
Evaluate (0 + 2 - 7) + 1.
-4
2 - (-3 - (3 - (6 - -2)))
0
What is the value of -1 + (2 - -2) + 0 + -2?
1
Evaluate (-4 + -1 - -6) + 0 + 2.
3
Calculate (-4 - 9 - -16) + -12.
-9
What is -4 - (-4 + (4 - -2) + -3)?
-3
What is -3 + 2 + 2 + 0?
1
(-3 - (3 + (-3 - 1))) + 7
5
Calculate -2 + (-3 - (3 + -2)) + -5.
-11
Evaluate -2 - (6 - 7 - 1).
0
2 - 1 - (-5 - (-2 + -3))
1
What is the value of 0 - -2 - (20 + (-15 - 3))?
0
Calculate -8 + 5 - -1 - -5 - 3.
0
Calculate 6 + -3 + -2 - (0 - 2).
3
Evaluate -4 - (7 + -1 - (34 - 20)).
4
3 - 9 - (43 + -49)
0
-1 + 10 + -10 + 9
8
-19 + 10 - (2 + -7) - -2
-2
What is (-17 + 3 - -28) + -12?
2
What is (2 + 4 - -2) + -6?
2
0 + (2 - (-3 - -12))
-7
Evaluate 4 - (-1 + 2) - (-2 + 13).
-8
What is the value of -3 - ((-10 - -14) + -5 + -2)?
0
Calculate -7 - (3 + (-8 - -16 - 8)).
-10
Evaluate (18 - 13) + -2 + 0.
3
What is -21 + 1 + 14 - (1 - 0)?
-7
Calculate 2 - (-8 - (6 + -7)).
9
8 + -14 - ((0 - 3) + -1)
-2
1 + 2 + -2 - -2
3
What is (-6 - -2) + 38 + -43?
-9
Calculate -6 - -9 - (0 - (3 + -6)).
0
Calculate -1 + (1 - 2) - (-4 + 0).
2
Calculate (10 - -10) + -4 + -7.
9
What is the value of 7 + (-3 + -1 - 1) + 0?
2
Calculate (2 - 1) + -5 + 7 + 2.
5
What is the value of 6 + -6 + -2 + 1 - -3?
2
What is -2 - (-4 - (-13 - -4) - 2)?
-5
7 - (1 + -3 + 12)
-3
Evaluate 5 + -1 + (2 - (-3 - -9)).
0
Calculate -13 + (-6 - -7) + -2 - -8.
-6
Calculate 3 + -1 - (-25 + 39) - -8.
-4
-1 + -1 + -3 + 16 + -16
-5
What is 1 + (-22 + 11 - -17)?
7
Evaluate -8 + 0 - ((-6 - -4) + -1).
-5
What is the value of -2 + 7 + (2 - 19 - -7)?
-5
What is (1 - 1) + -2 - (15 + -12)?
-5
What is 1 - (-8 + 3 + 3)?
3
Evaluate (12 - 6 - 3) + 2 + -1.
4
-3 + (-7 - (13 - 13))
-10
Calculate -1 + 0 + -6 + 2 + 5.
0
What is the value of 4 + (-17 + 18 - (-1 - -1))?
5
9 - (8 - 10) - 10
1
What is the value of 17 + (-7 - -4 - 8)?
6
Evaluate 2 + -3 - (-4 + (0 - 0)).
3
Evaluate -1 + -9 + 21 - 6.
5
Evaluate 14 + -7 - (-8 - -14).
1
What is (1 - 12) + (10 - 3) - 0?
-4
Evaluate 19 + 4 - 11 - 16.
-4
Evaluate -2 + (-3 - 1) + 5.
-1
-2 - -5 - 3 - 4
-4
-3 + (4 - 0 - (4 - 1))
-2
Evaluate (0 - -1) + 10 + -14.
-3
Evaluate 2 + (3 + 5 - 4) + -2.
4
What is the value of 7 - (6 + (5 + -4 - 3))?
3
Calculate -1 + -3 + 6 + -1.
1
-335 - -323 - (1 - 18)
5
What is (2 - 2) + 0 + 11 + -11?
0
3 + -4 - (3 - (1 + -1))
-4
What is the value of (0 - 4) + (6 - 0) + -3?
-1
What is (-12 - 4) + 6 + 6?
-4
Calculate -4 + 1 - (-1 + -6 + 9).
-5
-3 + 0 + (-5 - -8)
0
-17 + 18 + (-2 - 0 - -2)
1
2 + (-7 - (-9 + -3)) - 6
1
Evaluate 6 - (-6 - (-9 + 0)).
3
Evaluate (-15 - -10) + 10 + 2.
7
Calculate -1 + 9 + 3 + -11.
0
What is the value of -1 + (2 - 2) + (-1 - 1)?
-3
What is the value of 10 + (-8 - (7 - 9))?
4
Calculate -10 + (-7 - (-3 + -10)).
-4
What is 0 + 3 + 2 + (-4 - -2)?
3
4 - (3 - -5) - -5
1
(1 - 13) + (-18 - -24)
-6
Evaluate (-9 - (-18 + 8)) + -3 + 1.
-1
(2 - 9) + -3 - -15
5
What is (-3 - (-2 + 4)) + 7 + -1?
1
What is the value of -7 - -3 - -5 - 5?
-4
What is the value of 0 + (2 - -2) - (4 + -1)?
1
What is 0 + -5 + (-7 - -7)?
-5
-1 + -2 + 9 + -4 + 3
5
What is 2 + -3 + 3 + 0?
2
Calculate -2 - (-2 - -1) - (-31 - -27).
3
What is the value of -5 + 11 + (-7 - 2) + 0?
-3
Evaluate (-6 - -6) + 4 - 0.
4
Calculate -13 + 18 + 2 + -11.
-4
What is the value of (-1 + 5 - (-24 + 14)) + -7?
7
Evaluate -7 + 6 + 8 + -3 - 4.
0
Calculate (6 - 19 - -18) + (-5 - -1).
1
What is the value of 4 - ((1 - 4) + 1 + 4)?
2
What is 3 - (11 + -14 + 9)?
-3
6 - ((-11 - -6) + 17)
-6
What is the value of (-1 - (-12 + 0)) + -3?
8
Evaluate (-25 - 0) + 6 + 12.
-7
What is the value of 7 + -17 + 16 + 1?
7
Evaluate (2 - (-4 - -7)) + (-3 - 0).
-4
Calculate 20 + -19 + (-1 - 3) - 2.
-5
12 - (-8 + (24 - 6))
2
What is the value of 5 + (0 - (5 - 2 - 3))?
5
What is the value of -2 + -1 - (-1 + 0 + 1)?
-3
Evaluate -2 + 4 + 1 - (-42 - -43).
2
Calculate -9 - (-5 + 1 + (2 - 2)).
-5
What is the value of -1 + 6 + (3 - (9 + -1))?
0
Evaluate 1 - 4 - -3 - -5.
5
Calculate 16 + -6 - (9 - 5).
6
Calculate 4 + ((0 - -1) + -1 - 0).
4
1 - (-7 + 12 + -8)
4
Evaluate -2 + -7 - (-7 - 1).
-1
What is 2 + (8 + -4 - 4)?
2
Calculate 7 - -2 - (-41 - -54).
-4
What is the value of 6 + (7 + -3 - 6) + -4?
0
Evaluate (-4 - -9) + -1 - -1.
5
Evaluate 0 + -4 + 8 + -3 + -2.
-1
Calculate 4 - (-2 - (-2 - -4)).
8
What is 1 + (1 - (-6 - -8))?
0
What is the value of -4 + -1 + 1 - (88 + -90)?
-2
What is 11 - 7 - (5 + -3 + 1)?
1
What is (0 - 1) + -52 + 54?
1
Evaluate 1 - -6 - (-1 + 4).
4
Calculate (-8 - -16) + -9 - (-7 + 4).
2
-2 + 5 + 1 + -2
2
What is -7 - ((20 - 10) + -10)?
-7
What is the value of (-5 - -2) + 2 + (0 - 3)?
-4
What is the value of (-7 + 2 - -4) + (5 - 6)?
-2
Evaluate (-7 + 7 - -2) + -10.
-8
What is the value of 2 - (-4 + -1 - -4)?
3
Calculate (-5 - -1) + 2 + 7 + -10.
-5
Evaluate (1 - 3) + (-5 - -2) + 4.
-1
What is the value of 1 + 1 - (-32 + 34)?
0
4 - (-3 - (4 + -10) - -2)
-1
What is the value of -1 - -7 - (2 + 13)?
-9
Calculate -2 - (-8 - (-15 - -9)).
0
What is the value of (3 - 2) + 0 - 4 - -5?
2
What is (-3 + 5 - 1) + 4 + -3?
2
What is (19 - 8 - 8) + (1 - 1)?
3
Evaluate 8 - (18 - (13 + 0)).
3
-4 - (-4 - (4 - 9))
-5
Evaluate 14 + -19 - (-5 - -1).
-1
Evaluate -2 - -4 - (-5 + 7).
0
What is the value of -11 + 11 + -12 - -12?
0
Evaluate (-1 - -1) + (29 - 36).
-7
Evaluate 4 + -7 + 0 + 3.
0
What is (1 - 3) + (-8 - -10) + 1?
1
Calculate 0 - -4 - (-2 - -11).
-5
-5 + 6 + 1 + (1 - 2)
1
Calculate -8 + (4 - -2) - (1 - 3).
0
What is the value of -16 - (-4 + 13 + -21)?
-4
What is -5 - (-2 + (-5 - 1 - -4))?
-1
2 - ((2 - 2) + (-9 - -4))
7
What is the value of -2 + 7 + -4 + 3?
4
What is the value of -6 + (-2 - -4) + (-2 - -1)?
-5
Calculate 11 - (4 + (0 - -1)).
6
Evaluate 0 - 2 - (5 + -17 - -9).
1
What is the value of 1 + 4 + -4 - -2?
3
Evaluate (-7 - (-6 - (1 - 6))) + -2.
-8
What is the value of -5 + 25 + -12 + 2?
10
What is 5 - (1 - (-11 + 0 + 2))?
-5
Calculate 15 + -14 - (1 - -2) - 0.
-2
Calculate 22 + -7 + -6 + 3 + -15.
-3
Evaluate 2 + -2 + 4 - 2 - 6.
-4
What is 2 - ((-1 - (4 - 6)) + 2)?
-1
Evaluate 6 - -4 - 4 - 2.
4
-1 - -1 - (-4 + -15 + 14)
5
What is 12 + (0 + 3 - 8) + 0?
7
What is (-2 + 1 - 0) + -2 + -1?
-4
What is -2 + (4 - (3 + (1 - 4)))?
2
Calculate -2 + -8 - (4 - 3 - 5).
-6
What is -3 - -1 - (-7 - -4 - 1)?
2
What is the value of (-7 - -2) + (-1 - -5)?
-1
-1 + 4 + 20 + -23
0
(-2 - 1) + (1 - 2 - 1)
-5
1 - 4 - (0 - 0 - 0)
-3
Calculate -2 + 0 - (28 - 27).
-3
Calculate (2 - (12 - 2)) + 3.
-5
What is the value of -7 + 7 + -1 + 8?
7
Calculate 5 + -13 + 0 + 4.
-4
Calculate 3 - (11 + -4 - 6).
2
-2 + 6 + -3 + -1
0
What is -2 - (4 + (-2 - 7))?
3
3 + -7 - 3 - -4
-3
Evaluate (1 - -1) + (25 - 32).
-5
4 - (1 + -3 + 4)
2
Evaluate 13 - 13 - (-2 + 2 + 1).
-1
Evaluate -10 - (-3 + -6 + (-4 - -7)).
-4
Calculate (1 - -4) + -4 + 3 + -7.
-3
-4 - (2 + -4 + 1)
-3
(-2 - -6) + (-4 - -4)
4
5 - ((2 - 0) + 0 + -2)
5
What is -7 + 2 + (5 - 0) - -1?
1
What is -8 + (2 + -11 - -12)?
-5
What is the value of -18 - -12 - (-7 - (1 + -2))?
0
Evaluate -11 - (-17 - -9) - (-3 + 1).
-1
Calculate (-6 - -13) + (1 - 14).
-6
9 + -1 - (-7 - -3 - -8)
4
3 + -4 + -1 - (-2 + -3)
3
What is the value of (-8 + 6 - 1) + -3?
-6
What is the value of (0 - (-12 - -10)) + 0 + 3?
5
What is the value of -1 + (16 - 27) + (10 - 3)?
-5
What is the value of (1 - -2) + 41 + -47?
-3
What is the value of 4 + -5 + (0 - -2